6130354.
2, 2103065177
What are the prime factors of 15714662?
2, 107, 73433
List the prime factors of 94029409.
94029409
List the prime factors of 1229681485.
5, 17, 67, 263, 821
What are the prime factors of 72121264?
2, 19, 131, 1811
List the prime factors of 1556672782.
2, 7, 127, 875519
What are the prime factors of 5301746461?
11, 481976951
List the prime factors of 284276249.
229, 1241381
What are the prime factors of 20106139?
20106139
List the prime factors of 1030207838.
2, 11, 1987, 23567
What are the prime factors of 960795003?
3, 7, 131, 311, 1123
What are the prime factors of 353513882?
2, 269, 657089
List the prime factors of 47003519.
29, 1620811
What are the prime factors of 503540081?
11, 23, 1990277
List the prime factors of 493684954.
2, 7, 2017, 17483
What are the prime factors of 2397280294?
2, 23, 52114789
List the prime factors of 22148819.
7, 11, 313, 919
What are the prime factors of 10550912?
2, 31, 2659
What are the prime factors of 51681871?
51681871
List the prime factors of 713543658.
2, 3, 127, 757, 1237
What are the prime factors of 64230754?
2, 7, 19, 241469
What are the prime factors of 3599956459?
11, 327268769
What are the prime factors of 374560522?
2, 7, 563, 47521
What are the prime factors of 11611357?
17, 683021
What are the prime factors of 942393044?
2, 235598261
What are the prime factors of 2014787874?
2, 3, 11, 71, 89, 4831
What are the prime factors of 2155389764?
2, 11, 137, 357563
What are the prime factors of 147300197?
11, 53, 103, 223
List the prime factors of 954769695.
3, 5, 11, 109, 53087
What are the prime factors of 3691418134?
2, 1845709067
What are the prime factors of 799360078?
2, 11, 23, 79, 19997
List the prime factors of 516540770.
2, 5, 227, 313, 727
List the prime factors of 51831450.
2, 3, 5, 11, 37, 283
What are the prime factors of 2719231809?
3, 7, 1301, 99529
List the prime factors of 1650975797.
19, 61, 1424483
What are the prime factors of 8303136823?
8303136823
What are the prime factors of 15327849?
3, 5109283
List the prime factors of 1106359793.
7, 11, 421, 34129
List the prime factors of 544429586.
2, 29, 587, 15991
List the prime factors of 817547212.
2, 617, 331259
What are the prime factors of 5285854?
2, 7, 377561
List the prime factors of 936788274.
2, 3, 19, 37, 24677
What are the prime factors of 3084467253?
3, 7, 4703, 31231
List the prime factors of 4702819964.
2, 5273, 222967
What are the prime factors of 3423744996?
2, 3, 7, 40758869
List the prime factors of 100633718.
2, 50316859
List the prime factors of 168014862.
2, 3, 23, 61, 6653
What are the prime factors of 21535313?
29, 563, 1319
List the prime factors of 1204644745.
5, 19, 1973, 6427
What are the prime factors of 1729726625?
5, 11, 17, 73999
List the prime factors of 3262487474.
2, 83, 19653539
List the prime factors of 102608623.
13, 449, 17579
What are the prime factors of 10464027?
3, 7, 17, 29311
What are the prime factors of 1651201362?
2, 3, 29, 351469
What are the prime factors of 198936899?
7, 73, 5333
List the prime factors of 68510442.
2, 3, 7, 11, 13, 17, 61
List the prime factors of 1276296623.
7, 182328089
What are the prime factors of 427709213?
709, 603257
List the prime factors of 157465367.
151, 421, 2477
What are the prime factors of 194181315?
3, 5, 1481, 8741
What are the prime factors of 280759475?
5, 109, 197, 523
List the prime factors of 1988582797.
37, 1571, 34211
What are the prime factors of 118449868?
2, 71, 569, 733
What are the prime factors of 1027548888?
2, 3, 41, 1044257
List the prime factors of 5894813683.
11, 535892153
List the prime factors of 4700563851.
3, 109, 14374813
What are the prime factors of 1323235961?
31, 3643, 11717
List the prime factors of 967902547.
73, 13258939
List the prime factors of 1068533217.
3, 29, 271, 15107
List the prime factors of 517320213.
3, 109, 1582019
What are the prime factors of 2708132588?
2, 7, 13817003
List the prime factors of 954024556.
2, 1543, 154573
What are the prime factors of 199204319?
2801, 71119
List the prime factors of 1922746881.
3, 11, 6571, 8867
List the prime factors of 7794908327.
19, 131, 3131743
What are the prime factors of 82426120?
2, 5, 7, 29, 10151
List the prime factors of 444729273.
3, 197, 752503
What are the prime factors of 722840887?
2557, 282691
List the prime factors of 46224962.
2, 7, 97, 34039
List the prime factors of 160425210.
2, 3, 5, 11, 41, 71, 167
What are the prime factors of 34909426?
2, 37, 471749
List the prime factors of 41447103.
3, 823, 16787
List the prime factors of 615412973.
7, 29, 479, 6329
List the prime factors of 8614736875.
5, 13783579
What are the prime factors of 1040643141?
3, 346881047
What are the prime factors of 32357705?
5, 6471541
List the prime factors of 717174231.
3, 67, 239, 14929
What are the prime factors of 235114785?
3, 5, 173, 10067
What are the prime factors of 354270881?
1601, 221281
What are the prime factors of 23979277?
7, 229, 2137
What are the prime factors of 586952140?
2, 5, 31, 946697
List the prime factors of 1336664591.
1336664591
List the prime factors of 161668107.
3, 17963123
List the prime factors of 154386325.
5, 257, 24029
List the prime factors of 12168468.
2, 3, 13, 107
List the prime factors of 18292776.
2, 3, 47, 16217
What are the prime factors of 18595413?
3, 101, 2273
What are the prime factors of 635473649?
635473649
What are the prime factors of 166853784?
2, 3, 6952241
List the prime factors of 1078840464.
2, 3, 13, 1728911
What are the prime factors of 449220870?
2, 3, 5, 7, 237683
What are the prime factors of 633473214?
2, 3, 11, 9598079
What are the prime factors of 55093283?
7, 1549, 5081
What are the prime factors of 166767150?
2, 3, 5, 11, 53, 1907
List the prime factors of 461322949.
79, 5839531
What are the prime factors of 6416863528?
2, 37, 21678593
What are the prime factors of 4812713?
4812713
What are the prime factors of 2059989?
3, 97, 7079
What are the prime factors of 749026404?
2, 3, 7, 47, 63241
What are the prime factors of 871536662?
2, 193, 2257867
List the prime factors of 816551695.
5, 19, 29, 41, 7229
What are the prime factors of 51052750?
2, 5, 7, 29173
What are the prime factors of 48053791?
809, 59399
List the prime factors of 804472450.
2, 5, 16089449
List the prime factors of 245740016.
2, 15358751
List the prime factors of 842790317.
17, 49575901
List the prime factors of 72752529.
3, 467, 51929
What are the prime factors of 490145120?
2, 5, 3063407
List the prime factors of 195547273.
43, 61, 74551
What are the prime factors of 235731955?
5, 19, 2481389
List the prime factors of 1171349544.
2, 3, 19, 107, 24007
List the prime factors of 81765465.
3, 5, 349, 15619
List the prime factors of 1252613505.
3, 5, 11, 13, 583969
What are the prime factors of 93685494?
2, 3, 7, 71, 89, 353
What are the prime factors of 287473314?
2, 3, 223, 214853
What are the prime factors of 342961069?
11, 271, 10459
List the prime factors of 23435812.
2, 5858953
List the prime factors of 523146779.
19, 27534041
List the prime factors of 153798738.
2, 3, 97, 401, 659
List the prime factors of 43257277.
7, 67, 92233
List the prime factors of 16148495.
5, 11, 47, 6247
List the prime factors of 228438918.
2, 3, 439, 28909
List the prime factors of 819879101.
53, 61, 367, 691
What are the prime factors of 481236756?
2, 3, 7, 11, 13, 40063
List the prime factors of 60431010.
2, 3, 5, 761, 2647
What are the prime factors of 202486027?
919, 220333
What are the prime factors of 1532143406?
2, 43, 17815621
List the prime factors of 1994930371.
7, 239, 1192427
List the prime factors of 30228939.
3, 13, 89, 2903
List the prime factors of 881112381.
3, 409, 443, 1621
List the prime factors of 5966911223.
7, 13, 5043881
List the prime factors of 6596358099.
3, 2198786033
List the prime factors of 55689312.
2, 3, 7, 79, 1049
What are the prime factors of 50771852?
2, 911, 13933
List the prime factors of 2652309.
3, 11, 73, 367
List the prime factors of 107028897.
3, 163, 218873
What are the prime factors of 78538865?
5, 15707773
List the prime factors of 778326172.
2, 13, 14967811
What are the prime factors of 1997498779?
23, 86847773
What are the prime factors of 438860044?
2, 7, 1753, 8941
List the prime factors of